- 214 = -2*t, t - 4*r - 134 = -22. What is the hundreds digit of t?
1
Suppose 215*n - 219*n = -12. Suppose -306 = -l - n*p, 14*p - 9*p = l - 338. What is the tens digit of l?
1
Suppose -h - h - 3*y = -2, y = -2. What is the units digit of h/(8/(-15))*436/(-6)?
5
Let k(h) = -8*h**3 - h. Let q be k(-1). Let x(l) = l**3 + 6*l**2 - 18*l + 80. Let v be x(-9). What is the units digit of (v/(-1) - (-414)/q) + -3?
4
Let u be (-12)/20 - (-13)/5. Let j be (1 + 2 - 0) + -1 + u. Suppose -a - 3*a = -2*c + 40, 2*c = -j*a. What is the units digit of c?
0
Suppose x - 5*p = -0*p, 2*p = 2. Suppose -2*o + 275 = 5*m, x*o + m - 641 = 4*m. What is the units digit of o?
0
What is the units digit of (4/((-24)/17994))/(8/(3 - 43))?
5
Suppose 0*x - 6*x - 360 = 0. Let m = 65 + x. Suppose -m*k = c - 878, 4*c = 7 + 5. What is the tens digit of k?
7
Let b be (3 + (-90)/24)*(-4)/3. Let m(i) = 101*i**3 + 2*i**2 - 4*i. What is the tens digit of m(b)?
9
Let i = 395 + -267. Let b = 202 - i. What is the tens digit of b?
7
Suppose 0 = -87*z + 2713226 + 794364 - 869141. What is the thousands digit of z?
0
Suppose 10*m + 2623 - 25643 = 0. What is the units digit of m?
2
Let f(w) = 4*w**3 - 6*w**2 - 14*w + 3. Let r(a) = a**3 + 3*a**2 - 5*a - 8. Let d be r(-3). What is the units digit of f(d)?
3
Let l be 28*2/6 - 4/(-6). Let u = l + -13. What is the tens digit of -2 - ((-216)/u)/(-1)?
7
Let h = 3144 - 1796. Suppose 3*q + 3*g = -q + h, -4*g - 16 = 0. What is the tens digit of q?
4
What is the tens digit of 20698704/(-1456)*(-7)/3?
7
Suppose 0 = -13*u + 15*u - 8692. What is the units digit of u?
6
Let s be 272/16 - 14/(-2). What is the hundreds digit of 6/(-8) - ((-7962)/s - 9)?
3
Suppose -4*r - 17661 = -k, 4*k - 4063 - 66626 = r. What is the tens digit of k?
7
Suppose -4*i + 336496 = -4*n, -2*i + 161146 + 7138 = 2*n. What is the tens digit of i?
3
Let h = -221 + 218. Let b(c) = -22*c**3 - 4*c**2 - 4*c - 5. What is the tens digit of b(h)?
6
What is the thousands digit of (-153*(-1 - -2))/(2901/264 - 11)?
3
Suppose 3*l = -2*l - 50. Let o be 1 + 4/(-1) + 6 - l. Suppose 0 = o*h - 16*h + 24. What is the units digit of h?
8
Let u be (0 - 2/4)/((-2)/12). Suppose 0 = -a - 3*l - 2, 5*a + 0*l = -u*l + 2. What is the units digit of (-1452)/(-11)*a/2?
6
What is the thousands digit of (-9 - (-20405)/(-22))*-8?
7
Let y(k) = 15*k**2 - 4*k + 4. Let n be y(2). What is the tens digit of (48/10)/(n/140)?
1
Let g = 19258 + -6640. What is the units digit of g?
8
Let l(b) = -547*b - 615. What is the thousands digit of l(-19)?
9
Suppose 8*m - 9315 = -7*m. Let w = 1116 - m. What is the units digit of w?
5
What is the thousands digit of 31737/3 + (28 - 38)?
0
Let i(m) = -m - 922*m**2 - 28*m**3 + 1 + 0 + 919*m**2. What is the tens digit of i(-1)?
2
Suppose 18*c + 24 + 30 = 0. Let v(w) be the third derivative of w**5/30 + w**4/8 + 2*w**3/3 + 4*w**2. What is the tens digit of v(c)?
1
Let m(v) be the first derivative of v**3/3 - 25*v**2/2 + 20. Let c be m(13). What is the tens digit of 4 + (-5)/(-5) - c?
6
Suppose -5*i = -2*r - 15125, 0 = -5*i + 6*r - r + 15140. Let k = -2020 + i. What is the thousands digit of k?
1
What is the units digit of 1 + 5 + 13830/((-15)/(-1))?
8
Suppose -3*f = -9*f + 36. Suppose 0 = 11*l - f*l + 30. Let k = 10 - l. What is the units digit of k?
6
Let z be ((-3)/(-8))/(611/(-104) + 6). Suppose 2*f + 0*b = -3*b + 532, z*f + 2*b = 798. What is the tens digit of f?
6
Let t = 1 + -47. Let h = t - -75. Suppose 26*d + 213 = h*d. What is the units digit of d?
1
Suppose 0 = r + 183*v - 186*v - 6515, -5*v - 13026 = -2*r. What is the units digit of r?
3
Let n = 211 + -196. Suppose -n*h = -28*h + 16107. What is the tens digit of h?
3
Suppose -6*t = -8*t + 38. Suppose z + u - t = -5, 4*z = 3*u + 56. Let k = 65 + z. What is the units digit of k?
9
Suppose -24 = 3*t - 3*x, 4*t + 2*x = 2*t - 8. Let n(b) = -9*b + 82. Let v be n(12). What is the units digit of t/v*632 + (-4)/(-26)?
6
Suppose 2*u - 68 = -8*c + 12, 0 = -u + 5*c + 31. What is the units digit of u?
6
Suppose -f + 3 = -4*s, 2*f - 4*s = -0*s + 6. Suppose 2*p + 6*t = t + 1091, 15 = f*t. What is the tens digit of p?
3
What is the units digit of (-553)/((-1)/(87/(-519)) + -93 + 87)?
7
Let z(b) = b + 62. Let h be z(0). Suppose x = -q + h + 68, 530 = 4*x - q. Suppose x = -5*i + 9*i. What is the tens digit of i?
3
Let z be 30/8 + 1*1/4. Let c be (-2)/z + (-9)/6. What is the tens digit of (c/(-6))/(1/48)?
1
Suppose 3*d + 7620 = 3*j, 4*d + 7626 = 3*j - d. Let l = j - 1640. What is the tens digit of l?
9
Let z be ((-2)/1 - -13) + 0. Let m(k) = 4*k + z*k + 20*k. What is the tens digit of m(1)?
3
Let c(h) = 54*h - 42. Suppose -4*m = -9*m + 30. Let a(t) = t**2 - 8*t + 18. Let u be a(m). What is the tens digit of c(u)?
8
Let f(u) = u**3 + 2*u**2 - 2*u + 250. Let x(p) = 6*p + 12. Let a be x(-2). What is the tens digit of f(a)?
5
Let x(y) = y - 16. Let f be x(20). Suppose -4*u + f*p = -144, -2*u + 0*u - 2*p + 56 = 0. What is the units digit of u?
2
Let a be -1 - (0 - 1)/((-3)/(-24)). Let g(k) = k - a*k - 15*k - 1 - 4. What is the tens digit of g(-6)?
2
Let j(o) = 4*o**2 - 4*o - 19*o**2 + 20*o**2 - 830*o**3 - 5 + 4*o. What is the tens digit of j(-1)?
3
Let o(v) be the second derivative of v + 5/3*v**3 + 0 - 9/2*v**2. What is the tens digit of o(3)?
2
Suppose 22*q = 20*q - 106. Let l = -74 - q. Let z = 102 - l. What is the hundreds digit of z?
1
What is the hundreds digit of (-322)/(-92)*69572/14?
3
Suppose -2*y + 14909 - 3959 = 0. What is the units digit of y/18 - 40/(-48)?
5
Suppose -3*o + 748 = 58. Suppose -2*l + 1360 = -o. What is the units digit of l?
5
Let q = -118 + 203. Suppose q*t - 377 = 84*t. What is the tens digit of t?
7
What is the ten thousands digit of 33279 + (16 - (2 - 1))?
3
Suppose 0 = -4*i + 110 - 98. Suppose w + g - 340 = 6*g, -i*w + 2*g = -955. What is the tens digit of w?
1
Let j be 3 - (2*-3 + 3). Suppose 355 = j*d + 73. Let f = d + -27. What is the units digit of f?
0
Let a(w) = -w - 12. Suppose 4*y = 3*y + 5*n - 26, -3*y - 2*n - 44 = 0. Let v be a(y). Suppose -v*s + 345 = 21. What is the tens digit of s?
8
Suppose 11*u + 4348 = -5288. Let g = u + 1492. What is the tens digit of g?
1
What is the hundreds digit of -5 - ((-76902)/8 + 7/(-28))?
6
What is the hundreds digit of -8 + 14/(-63) + 63110/9?
0
Suppose -6*k = -11429 + 59. Suppose -k = -2*r - 3*h, r + 557 - 1507 = -h. What is the hundreds digit of r?
9
Suppose -72*y + 69616 = -69*y + 5*f, 0 = y - 4*f - 23211. What is the units digit of y?
7
Let k = 81793 - 18054. What is the hundreds digit of k?
7
Let z = 26137 - 14792. What is the ten thousands digit of z?
1
Suppose 2618 = 129*c - 112*c. Suppose w - 1185 - c = 0. What is the hundreds digit of w?
3
What is the hundreds digit of ((-3)/(-18)*655)/(183/58194)?
7
Let a = -391 - -402. Let c(w) be the second derivative of -w**3/6 + 31*w**2/2 + w. What is the tens digit of c(a)?
2
Let n(u) = -816*u**3. Let g = -770 + 769. What is the tens digit of n(g)?
1
Suppose -3*d - 5*j + 20 = -j, 5*d - 4*j - 12 = 0. Suppose 0 = 2*s - d*s + 10. Suppose 2*c + 4*h - 25 = 53, -s*c - h = -159. What is the units digit of c?
1
Let u(g) = -g**3 - 10*g**2 + 32*g + 4. Let z = 117 + -109. Suppose z*n - 17*n = 117. What is the tens digit of u(n)?
9
Suppose 43*j - 40120 - 940799 = 196163. What is the hundreds digit of j?
3
Suppose -16*y + 55808 + 19137 = 6433. What is the thousands digit of y?
4
Suppose 0*s - 17 = x + 2*s, 0 = 2*x - 5*s - 2. Let t = -9 - x. Suppose t = 24*v - 16*v - 168. What is the units digit of v?
1
Suppose 4*k = -u + 767, -7 + 4 = -3*k. What is the units digit of (0 - u/(-3))*(-6)/(-2)?
3
Let p = 875 - 880. Let y = p - -260. What is the hundreds digit of y?
2
Suppose -3*r + 55 = 4*k, -3*k - 8*r + 6*r + 42 = 0. Suppose 19*d = k*d + 1878. What is the hundreds digit of d?
6
Let s = -6080 - -8593. What is the units digit of s?
3
Let u = 10526 - 4267. What is the hundreds digit of u?
2
Let k(t) = -96*t**3 - 2*t**2 - 13*t - 25. Suppose -6*h + 84 = 96. What is the units digit of k(h)?
1
Suppose 0 = 5*l - s - 26, -11 = -5*l - 4*s + 10. Suppose -2*d - 1195 = -3*n, d + 797 = -3*n + l*n. What is the tens digit of n?
9
Let i(t) = -10*t - 45. Let j = 6 - -34. Let f = j + -57. What is the units digit of i(f)?
5
Suppose -10 = -15*z + 13*z. Suppose -z*